mon factor of q and 6?
6
Let m be (-33 + 0)/((-3)/10). Calculate the highest common divisor of 10 and m.
10
Suppose z - 5*l - 24 = -z, 5*l = 0. Suppose 0 = -2*o + z. What is the greatest common factor of 6 and o?
6
Suppose -q = -4*k - 35, -q + 2*k + 39 = 2. Let r = q - 69. Let p = 85 + r. Calculate the greatest common factor of 5 and p.
5
Let a(m) = 3*m**2 + 9*m + 2. Let t be a(-6). Let z be (-1)/(-1) + 3 + t. Calculate the highest common factor of z and 24.
12
Let w(s) = -5*s**3. Let v be w(-1). What is the highest common divisor of v and 2?
1
Let x(c) = -c**3 - c**2 + 2*c + 1. Let h be x(-3). Let u = 31 - h. Let i be (-2)/(-9) + 241/9. Calculate the highest common divisor of i and u.
9
Let p = 5 - 8. Let n be 7*(-2 - p) + 1. Suppose -2*w + 0*w + 32 = 0. Calculate the highest common factor of w and n.
8
Suppose 27*o - 28*o = -65. Let g = 0 + 0. Let b be 26/(g - -2)*1. Calculate the highest common divisor of b and o.
13
Let y(x) be the third derivative of x**4/4 + 5*x**2. Let p be y(4). Calculate the greatest common factor of p and 36.
12
Let j be 3/(-12) - (-34)/8. Suppose j*r = 6*r - b - 41, 4*r = -4*b + 64. Calculate the highest common factor of r and 38.
19
Let d = -102 + 106. What is the highest common divisor of d and 12?
4
Suppose 5*m - 9 = 4*s - 72, 4*s + 4*m = 36. Let d(a) = -a + 1. Let v be d(-5). What is the highest common factor of v and s?
6
Suppose -5*w + 26 = -3*w. What is the greatest common factor of 117 and w?
13
Let p be (1 + 1)*(-5 + 7). Suppose -p*u + 0 + 8 = 0. Calculate the greatest common factor of 14 and u.
2
Suppose -3*n + 5*v + 105 = 0, 4*n = 4*v + 7 + 133. What is the greatest common factor of 21 and n?
7
Let r(i) be the first derivative of -i**3/3 + 3*i**2 + i + 1. Let x be r(5). Let m be ((-6)/4)/(x/(-16)). Calculate the highest common factor of 32 and m.
4
Let l(n) = -15*n + 96. Let f be l(6). Calculate the greatest common factor of 33 and f.
3
Let k(a) = -3*a + 6*a**2 + a**2 - 10*a**3 + 9*a**3. Suppose 0*h - 5*h = -25, w - h = 0. Let x be k(w). What is the greatest common factor of 14 and x?
7
Suppose 6 = 2*f + f. Suppose 2*a + f*a = 48. Suppose -42 = -4*i + 6. What is the highest common divisor of i and a?
12
Let z(i) = -3*i + 8. Let m be z(-6). Let q be (-117)/(-9)*5/5. Calculate the highest common divisor of q and m.
13
Suppose -2*f + 0*f = 8. Let p = f - -46. What is the greatest common factor of p and 63?
21
Suppose 176 = n + n. Suppose -4*s + 4 = 4*w - n, -s - 3 = 0. Suppose c = 3*a - 8*a + w, -c - 14 = -3*a. What is the highest common factor of a and 5?
5
Suppose -3*s - g = -81, 3*g + 2 = -7. Let x = -328 - -608. Suppose 3*b - x = -b. Calculate the greatest common divisor of s and b.
14
Suppose -4*p - p + 185 = -4*f, -2*p + 46 = 4*f. Calculate the greatest common factor of 3 and p.
3
Let b = -2 - -3. Let p be b/(2/(-20))*-2. Calculate the highest common factor of p and 20.
20
Let f be (-6)/9 - 2144/6. Let a be 1 - 1/(1/f). Suppose -66 - a = -5*t. What is the highest common divisor of t and 17?
17
Let h(w) = -w - 12. Let v be h(0). Let n be (1 - v)*1 + -1. Suppose -180 - 108 = -3*x. Calculate the highest common factor of x and n.
12
Let a = 93 - -2. Calculate the greatest common divisor of a and 19.
19
Let y(o) = o**2 + o + 8. Let n be y(0). Suppose -62 = 5*c - i, 4*c + 33 = 3*i - 21. Let b be (c/9)/((-2)/12). Calculate the greatest common divisor of b and n.
8
Let r = 7 + 11. Suppose 5*x - 4*i = r - 0, i = 5*x - 27. What is the highest common divisor of x and 15?
3
Let i(g) be the second derivative of g**4/12 - 4*g**3/3 + 2*g**2 - 2*g. Let m be i(8). What is the greatest common factor of 44 and m?
4
Let h = 67 + -40. Calculate the greatest common factor of h and 9.
9
Let r = 80 - 113. Let k = r + 82. Calculate the highest common divisor of k and 7.
7
Suppose -3*t + 3 = -6. Suppose t*v = 2*f - v - 24, 0 = -v - 4. Suppose -5*x = -5*n - 20, -3*x - 2*n = -4*x + 2. What is the highest common factor of f and x?
2
Suppose 2*o = m - 1, m = 4*m + 3*o - 21. Suppose 0 = m*u - 5 - 0. Let x be 36*u*2/4. Calculate the greatest common divisor of x and 18.
18
Suppose -5*y + 3*w - 5*w - 17 = 0, -3*w + 6 = -3*y. Let a be y + 9 + (-2)/2. Suppose a*g - 10 = 50. Calculate the highest common factor of 24 and g.
12
Let s = -164 + 274. Let x = 183 + -128. Suppose -3*i - a = -0*i - 25, -3*i + 5*a = -x. What is the greatest common divisor of s and i?
10
Let a(g) = -g + 18. Let j be a(10). Calculate the highest common factor of j and 4.
4
Let m(a) = a**3 + 7*a**2 - 9*a - 8. Let r be m(-8). Suppose -4*f + 31 + 21 = r. What is the highest common factor of f and 104?
13
Let c be (12/(-24))/((-1)/(-4)). Suppose 0 = -d - 4*g + 242, 0*g - 474 = -2*d - 3*g. Let j be d/4*c/(-3). What is the greatest common factor of 26 and j?
13
Suppose l = -0*l + 4. What is the greatest common divisor of l and 1?
1
Let u = -10 - -31. Calculate the greatest common factor of 84 and u.
21
Suppose 275 = -12*o + 13*o. What is the greatest common divisor of 25 and o?
25
Let g be ((-22)/(-55))/(1/40). What is the highest common factor of g and 24?
8
Let z = -100 - -170. Calculate the greatest common divisor of 28 and z.
14
Suppose 3*v - 48 = 2*p + 7, 2*p = v - 45. Let u = p - -37. What is the highest common divisor of 68 and u?
17
Suppose 138*y = 139*y - 27. What is the greatest common divisor of y and 216?
27
Let i = 6 + 9. Suppose 0 = d - 5, 40 = o + 5*d + 11. Let s be (-84)/(-9) - o/(-6). Calculate the greatest common divisor of s and i.
5
Let p = 80 + -32. What is the highest common divisor of 16 and p?
16
Let c be 22*52/8*1. What is the highest common divisor of c and 11?
11
Suppose 5*k - 44 = 71. Calculate the greatest common divisor of k and 92.
23
Suppose -15 - 17 = -8*c. Calculate the greatest common factor of c and 10.
2
Let z be (-56)/(-6)*9/6. Let g = 109 + -53. Calculate the greatest common divisor of z and g.
14
Let x be 46/8 + 2 + 21/(-12). Suppose -2*m = 12 - 60. Calculate the greatest common divisor of m and x.
6
Let w = -50 + 62. What is the highest common factor of w and 8?
4
Let i = -34 + 22. Let q be 38/(6*(-4)/i). Calculate the highest common divisor of 19 and q.
19
Suppose -4*l - 2*i - 3*i + 75 = 0, 0 = l + 5*i. Let k = 116 - 71. Suppose 3*c = 3*f - k, -f - 5 = 3*c - 0. Calculate the greatest common divisor of f and l.
5
Let i = 22 + 13. Let v be (1 + 1)*10/4. Suppose c - 2*k = 3, 0 = -3*c - 2*c + v*k + 20. Calculate the highest common factor of c and i.
5
Suppose 5*w + 3*k - 12 = 0, k = 2 - 3. Suppose 4*j - w*p - p - 32 = 0, -4*j = -3*p - 34. What is the highest common factor of j and 2?
2
Let y(p) = 158*p + 1. Let d be y(-1). Let t = d - -221. Calculate the greatest common divisor of t and 8.
8
Let h(m) = 2*m**2 - 6. Let z be h(-5). Suppose 3*t - t - z = 0. Calculate the highest common divisor of t and 55.
11
Let r(o) = -o**2 - 12*o - 27. Let u be r(-7). Calculate the greatest common factor of u and 24.
8
Suppose o = 3*s - 231, -2*s + o + 79 = -s. Calculate the highest common factor of 190 and s.
38
Suppose 0 = 4*k - k + 3*b - 99, 0 = 3*k + b - 105. What is the greatest common divisor of 18 and k?
18
Let b(l) = 3*l**2 + l - 1. Let t be b(1). Suppose t*q - 116 = -k, 0*k - 2*k = q - 222. Calculate the highest common factor of 10 and k.
10
Let i be (-4)/2 - 392/(-4). Let f(n) = n**3 - 2*n**2 - 6*n + 4. Let v be f(4). Calculate the greatest common factor of i and v.
12
Let i = -67 + 77. Suppose 0 = -2*b - b + 5*u - 4, -4*b + 4 = -2*u. Calculate the highest common factor of i and b.
2
Let s = -132 - -197. Let c = -38 + s. Suppose 3*d - c = 15. Calculate the highest common factor of d and 2.
2
Let j(q) = 2*q**2 - 11*q + 17. Let g be j(7). What is the greatest common divisor of g and 57?
19
Let b(r) = 2*r**3 - r - 1. Let g be b(-1). Let u = g - -2. Let p be (u + 1)*0 + 10. What is the greatest common divisor of p and 10?
10
Let o be -1*(-2 + 0 + 1). Suppose -o = c - 7. Let t be 2 + -2 - 2 - -4. Calculate the highest common divisor of t and c.
2
Let h = 19 - 31. Let j = -6 - h. Let m(t) = -t**2 + 4*t + 7. Let c be m(5). Calculate the greatest common factor of j and c.
2
Let q be 4/(-6)*6/4. Let v be 1 - (0 - 1/q). Suppose -2*g + v*g + 54 = 0. Calculate the greatest common divisor of 18 and g.
9
Suppose -b = -57 + 14. Let d = 7 + b. What is 